26.
2, 35401, 58613
What are the prime factors of 1291869090?
2, 3, 5, 19, 29, 109, 239
List the prime factors of 168752126.
2, 84376063
List the prime factors of 534545184.
2, 3, 5568179
List the prime factors of 937927767.
3, 7, 41, 155621
What are the prime factors of 60928287?
3, 7, 139, 20873
What are the prime factors of 338404901?
338404901
What are the prime factors of 63715055?
5, 977, 13043
What are the prime factors of 1741724?
2, 647, 673
What are the prime factors of 1831526?
2, 915763
What are the prime factors of 1175694528?
2, 3, 6123409
List the prime factors of 124438499.
139, 895241
List the prime factors of 42753759.
3, 17, 37, 139, 163
What are the prime factors of 2706916120?
2, 5, 17, 47, 84697
What are the prime factors of 21192163?
19, 43, 25939
What are the prime factors of 440464490?
2, 5, 23, 577, 3319
What are the prime factors of 3848738767?
3848738767
List the prime factors of 3775342844.
2, 7, 13, 29, 357649
List the prime factors of 5508111129.
3, 17, 108002179
List the prime factors of 118157074.
2, 7, 8439791
List the prime factors of 19170093.
3, 6390031
List the prime factors of 367683054.
2, 3, 29, 829, 2549
List the prime factors of 687952150.
2, 5, 13759043
List the prime factors of 6752384331.
3, 7, 11, 19, 29, 53051
What are the prime factors of 249068095?
5, 29, 433, 3967
List the prime factors of 2759719781.
7, 13, 157, 193163
List the prime factors of 2201183372.
2, 550295843
What are the prime factors of 56476715?
5, 109, 173, 599
List the prime factors of 749045564.
2, 41, 269, 16979
List the prime factors of 15960485.
5, 83, 38459
List the prime factors of 5818493829.
3, 107, 18126149
What are the prime factors of 59945743?
11, 13, 419201
List the prime factors of 273915752.
2, 11, 31, 41, 79
List the prime factors of 867247497.
3, 149, 263, 2459
What are the prime factors of 131096566?
2, 1301, 50383
List the prime factors of 973760312.
2, 7, 67, 259531
List the prime factors of 71807042.
2, 19, 163, 11593
List the prime factors of 1408729082.
2, 53, 491, 27067
List the prime factors of 22699111.
1153, 19687
List the prime factors of 271957797.
3, 41, 245671
What are the prime factors of 3334074132?
2, 3, 277839511
List the prime factors of 815136891.
3, 271712297
List the prime factors of 11947874.
2, 5973937
What are the prime factors of 2917689774?
2, 3, 486281629
What are the prime factors of 80037282?
2, 3, 13, 1026119
List the prime factors of 212897618.
2, 71, 151, 9929
List the prime factors of 15601495.
5, 7, 13, 17, 2017
List the prime factors of 34532467.
34532467
What are the prime factors of 61578864?
2, 3, 179, 2389
List the prime factors of 106556961.
3, 7, 5074141
List the prime factors of 7098275511.
3, 41, 2137391
What are the prime factors of 343737208?
2, 19, 23, 98323
What are the prime factors of 2284285497?
3, 13, 58571423
What are the prime factors of 187534428?
2, 3, 15627869
List the prime factors of 3819787804.
2, 7, 53, 263, 9787
What are the prime factors of 5350642?
2, 11, 107, 2273
List the prime factors of 700262575.
5, 19, 41, 877
What are the prime factors of 51265252?
2, 23, 41, 13591
List the prime factors of 1911870256.
2, 149, 801959
List the prime factors of 486487375.
5, 11, 23, 15383
What are the prime factors of 580863737?
43, 277, 48767
What are the prime factors of 189463161?
3, 63154387
What are the prime factors of 1012672906?
2, 7, 19, 37, 14699
List the prime factors of 1327934864.
2, 61, 1360589
What are the prime factors of 17142498?
2, 3, 23, 47, 881
What are the prime factors of 58174022?
2, 263, 110597
List the prime factors of 15023949.
3, 5007983
List the prime factors of 906839642.
2, 43, 10544647
List the prime factors of 3329326509.
3, 19, 58409237
What are the prime factors of 762252573?
3, 1861, 136531
What are the prime factors of 69209556?
2, 3, 13, 34127
List the prime factors of 44982372.
2, 3, 53, 107, 661
What are the prime factors of 598200053?
11, 37, 67, 21937
List the prime factors of 7654124204.
2, 659, 2903689
What are the prime factors of 58725965?
5, 103, 114031
List the prime factors of 3232291383.
3, 359143487
What are the prime factors of 74090151?
3, 8232239
What are the prime factors of 133751255?
5, 11, 2431841
What are the prime factors of 140992703?
197, 715699
What are the prime factors of 3759664?
2, 234979
List the prime factors of 199534421.
199534421
List the prime factors of 53985382.
2, 11, 43, 149, 383
List the prime factors of 604875.
3, 5, 1613
What are the prime factors of 2763277202?
2, 7, 103, 1916281
List the prime factors of 86885898.
2, 3, 11, 19, 193, 359
What are the prime factors of 61811506?
2, 30905753
What are the prime factors of 476398264?
2, 23, 2589121
What are the prime factors of 1898289818?
2, 797, 1190897
What are the prime factors of 1228122852?
2, 3, 11, 9303961
What are the prime factors of 896992229?
7, 727, 176261
What are the prime factors of 187174866?
2, 3, 3089, 10099
List the prime factors of 3107912951.
11, 13, 53, 3389
What are the prime factors of 1733017775?
5, 877, 79043
List the prime factors of 1259600292.
2, 3, 3821, 9157
What are the prime factors of 95433772?
2, 7, 486907
What are the prime factors of 5987290?
2, 5, 598729
What are the prime factors of 103307270?
2, 5, 11, 939157
List the prime factors of 329685096.
2, 3, 13, 37, 28559
What are the prime factors of 770605539?
3, 11, 97, 240739
What are the prime factors of 190696593?
3, 31, 1051, 1951
List the prime factors of 91092519.
3, 7, 59, 389
What are the prime factors of 2203707909?
3, 13, 17, 3323843
What are the prime factors of 251415565?
5, 50283113
What are the prime factors of 4729798147?
107, 44203721
What are the prime factors of 1078707673?
1078707673
List the prime factors of 271644728.
2, 33955591
What are the prime factors of 1375619875?
5, 7, 224591
What are the prime factors of 683094119?
17, 79, 191, 2663
What are the prime factors of 16677611?
19, 41, 79, 271
List the prime factors of 62553179.
13, 4811783
List the prime factors of 112791696.
2, 3, 107, 21961
What are the prime factors of 244721751?
3, 773, 105529
List the prime factors of 288377455.
5, 57675491
What are the prime factors of 111204400?
2, 5, 173, 1607
What are the prime factors of 506515949?
506515949
List the prime factors of 508650166.
2, 17, 641, 23339
What are the prime factors of 1009017139?
13, 71, 83, 13171
List the prime factors of 101165483.
401, 252283
List the prime factors of 4748447532.
2, 3, 101, 457, 8573
What are the prime factors of 257914064?
2, 16119629
List the prime factors of 1902789908.
2, 23, 20682499
What are the prime factors of 53914881?
3, 17971627
List the prime factors of 51873566.
2, 43, 641, 941
List the prime factors of 51858262.
2, 17, 1525243
List the prime factors of 4372303485.
3, 5, 11, 26498809
What are the prime factors of 43688691?
3, 17, 283, 1009
List the prime factors of 79341525.
3, 5, 39181
What are the prime factors of 2570725525?
5, 23, 97, 46091
What are the prime factors of 386771312?
2, 23, 1051009
What are the prime factors of 1902981855?
3, 5, 126865457
What are the prime factors of 373468099?
373468099
What are the prime factors of 1082956244?
2, 1109, 244129
What are the prime factors of 164843707?
7, 577, 40813
List the prime factors of 192889038.
2, 3, 17, 1891069
What are the prime factors of 1287186393?
3, 311, 1379621
What are the prime factors of 147789170?
2, 5, 14778917
What are the prime factors of 3155621276?
2, 113, 6981463
What are the prime factors of 1223475312?
2, 3, 17, 1499357
List the prime factors of 36098156.
2, 29, 43, 7237
What are the prime factors of 4384671275?
5, 175386851
What are the prime factors of 117336731?
23, 37, 173, 797
List the prime factors of 57805794.
2, 3, 3211433
List the prime factors of 17245167.
3, 727, 7907
List the prime factors of 2142618.
2, 3, 357103
What are the prime factors of 3991724680?
2, 5, 53, 73, 25793
What are the prime factors of 149529653?
7, 13, 397, 4139
What are the prime factors of 14467104?
2, 3, 191, 263
What are the prime factors of 105027431?
105027431
List the prime factors of 387953095.
5, 43, 1804433
List the prime factors of 36369330.
2, 3, 5, 73, 16607
List the prime factors of 314669844.
2, 